mainder when u is divided by 17?
13
Calculate the remainder when (-120)/16*3/(-9)*16 is divided by 23.
17
Suppose 13*k + 30 = 16*k. Suppose 0 = -2*f - k, 3*l - 2*l + 3*f + 8 = 0. Calculate the remainder when -1*(-13 + 1) + 1 is divided by l.
6
Suppose -5*p + 305 = 5*b, -5*p + b = -3*p - 119. Calculate the remainder when 11/(125/p + -2) is divided by 34.
30
Suppose -5*z - 3 - 22 = 0, 5*n + 4*z - 5 = 0. Suppose -s = -5*l + 2*s + 6, 5*l - 12 = s. Suppose -l*g = -5*g + 6. What is the remainder when n is divided by g?
2
Let v(d) = -13*d + 3. Suppose -11 = -3*o + 2*u + 13, -2*o + 8 = -4*u. What is the remainder when v(-2) is divided by o?
9
Let i(q) = -3*q**3 - 10*q**2 + 9*q - 37. Let y(p) = p**3 + 3*p**2 - 3*p + 12. Let w(h) = 3*i(h) + 8*y(h). What is the remainder when 180 is divided by w(-7)?
11
Let d = -27 + 34. Calculate the remainder when 67 is divided by d.
4
Let g(x) = -8*x - 10. Let n = -1057 - -1063. What is the remainder when g(-7) is divided by n?
4
Suppose -40 = -2*h + 10. Suppose -x = 4*u - 12, 4*x = -9*u + 7*u + 34. Calculate the remainder when h is divided by x.
1
Let u = 1771 + -1696. Calculate the remainder when u is divided by 30.
15
Let n(o) = 8*o + 10. What is the remainder when n(7) is divided by (-2520)/(-132) - 2/22?
9
Let n = -8 - -22. What is the remainder when (-10)/12*7/((-14)/156) is divided by n?
9
Let m(v) = v**3 + 3*v**2 + 2*v - 8. Calculate the remainder when 60 is divided by m(3).
8
Suppose 344 = 5*j - 221. Suppose p - j = -44. Suppose -a + 4*s = -6*a + 102, -a = -3*s - 9. Calculate the remainder when p is divided by a.
15
Let q be 80/10 - (1 - 3). Suppose i + 2*a + 1 = q, -3*a = i - 11. Calculate the remainder when 11 is divided by 14/(i + -3) - 1.
5
Let z = 266 + -262. What is the remainder when 50 is divided by z?
2
What is the remainder when 64 is divided by (8/(-44) + 91/(-286))*-116?
6
Let r = 5487 + -5349. Suppose 0 = -4*k + k + 108. What is the remainder when r is divided by k?
30
Let q = 1310 - 1302. Calculate the remainder when 42 is divided by q.
2
Suppose 58*u = 66*u - 1800. Calculate the remainder when u is divided by 77.
71
Let c = -14 - -29. Suppose 4*r - 85 = r - s, 5*r + s = 143. Let d = r - 21. Calculate the remainder when c is divided by d.
7
Suppose -5*t + 866 = 4*v, -431 = -2*t - 2*v - 85. Calculate the remainder when t is divided by 11.
9
Suppose a - 27 + 100 = 5*d, 0 = 5*d + 4*a - 83. What is the remainder when 47 - (-4 + 0 + 3) is divided by d?
3
Suppose -2*s = 3*s - 20. Suppose 9*c - s*c - 45 = 0. Suppose 3*a = -0 + c. Calculate the remainder when 7 is divided by a.
1
Let r(o) = -37*o**2 + o. Let c be r(-1). Let t = c + 49. Calculate the remainder when t is divided by 3.
2
Suppose j + 46 = 3*j. Let t = -5 - -5. Suppose s = -0 - 1, 4*m + s - 31 = t. What is the remainder when j is divided by m?
7
Let y(r) = r**2 + 3*r - 2. Let o be y(1). Let d(g) = 10*g + 4. What is the remainder when d(o) is divided by 9?
6
Suppose -60 = -8*x + 3*x. Let d(w) = w**2 + 5*w - 10. Let h be d(7). Let l = h + -27. What is the remainder when l is divided by x?
11
Let f(p) = -p**3 + 5*p**2 + 3*p + 1. Suppose -7*k + 2*k - 115 = 0. Let l(o) = -5*o - 56. Calculate the remainder when l(k) is divided by f(5).
11
Let c(g) = -g**3 + g**2 + 2*g + 18. Let h be c(0). Suppose 0 = -h*q + 15*q + 33. Calculate the remainder when q is divided by 4.
3
Let v be (-187)/(-3) + (-1)/3. Let n = v + -32. Calculate the remainder when n is divided by 4/(-2) + 2 - -16.
14
Suppose -t - 4*i + 231 = 11, 2*i = t - 232. What is the remainder when t is divided by 33?
30
Suppose -5 = 13*b - 356. What is the remainder when 59 is divided by b?
5
Calculate the remainder when 259 is divided by 1*-7 - (-60 - -2).
4
Let v = -1518 - -1579. What is the remainder when 62 is divided by v?
1
Let j(v) = -v**3 + 7*v**2 - 6*v + 4. Let o be j(6). Suppose -o*w + 31 = 7. Calculate the remainder when 37 is divided by 4/w + (-242)/(-33).
5
Let h(i) = -i**3 + 12*i**2 - 13*i - 33. Calculate the remainder when 39 is divided by h(10).
2
Let j = -4 + 67. Calculate the remainder when j is divided by 14.
7
Let l(v) = -5*v + 24. Let u be l(5). Calculate the remainder when 39 is divided by 8/(-16)*(u - 13).
4
Let l(j) = -j**2 - 8*j + 5. What is the remainder when 2/3 + (-700)/(-12) is divided by l(-4)?
17
Suppose s = 3*s - 72. Let c = s - -6. Suppose 0 = -t + 2*q + 21 - 10, -66 = -4*t - 3*q. Calculate the remainder when c is divided by t.
12
Let n = -126 - -200. Let l = 39 - 12. Suppose 2*w - 11 = l. What is the remainder when n is divided by w?
17
Suppose 3*s - 11 = 2*s. What is the remainder when (0 - 125/(-3)) + (-6)/9 is divided by s?
8
Let j(a) = a**2 + 8*a + 92. Calculate the remainder when j(-8) is divided by 24.
20
Let y(x) = x**3 - x - 2. Let h be y(2). Let u = h - 3. Calculate the remainder when 25 is divided by u - 48/(2 - 6).
12
Suppose 7*a + 116 = 179. Calculate the remainder when 35 is divided by a.
8
Let h(b) = -b**3 + 6*b**2 + 3*b - 8. Let f be h(6). Suppose -f - 38 = -6*w. Let k = -18 + 30. Calculate the remainder when k is divided by w.
4
Suppose 0 = -4*d - 12*d + 21488. Suppose 528 = -5*k + d. What is the remainder when k is divided by 41?
40
Let t = 154 - 139. What is the remainder when 71 is divided by t?
11
Let y(f) = f**3 - 21*f**2 + 3*f + 7. Let h be y(21). Suppose 2*w = -2*q + 5*w + h, -74 = -2*q + 5*w. Calculate the remainder when 60 is divided by q.
28
Let t(m) = 9*m + 10. Suppose 0 = 5*n - 12*n + 301. Calculate the remainder when t(8) is divided by n.
39
Suppose -35*s - 217 = -2142. Calculate the remainder when 438 is divided by s.
53
Let r(v) = 2*v**3 + 25*v**2 + 12*v + 16. Let l be r(-12). Calculate the remainder when 78 is divided by 126/l + 9/72.
6
Suppose -5 = -3*j + 1. Suppose a - 22 = -2*d, 5*d = j*a - a + 55. Calculate the remainder when d is divided by 6.
5
What is the remainder when (0 + 1)/(-1*18/(-1674)) is divided by 24?
21
Suppose d = 2*m + 8, 4*d + 2*m - 25 = 17. Let p = 85 - 82. Suppose p*t - 135 + 48 = 0. What is the remainder when t is divided by d?
9
Suppose -5092 = -g - 18*g. What is the remainder when g is divided by 16?
12
Suppose 7*p - 50 = 2*p. Suppose -2*a - 5 = -3*a - 4*g, g = -2*a + p. What is the remainder when 3 + -6*(-5)/2 is divided by a?
3
Calculate the remainder when 103 is divided by (1 - (5 - 6))*54/4.
22
Suppose 0*p + 199 = 4*j - 3*p, 2*j + 4*p = 94. What is the remainder when j is divided by 28?
21
Let v(s) = s**2 + 207*s + 3434. Suppose -4*j = -o - 759, 0 = -j + 4*o - 34 + 235. Calculate the remainder when j is divided by v(-18).
29
Let o(q) = 3*q**2 + 3*q - 2. Let s be o(-2). Suppose -s*b = 5*p + 2, p + p + 5*b = -11. Suppose 0*l = p*l - 40. Calculate the remainder when l is divided by 7.
6
Let p = 352 - 188. What is the remainder when p is divided by 38?
12
Let t(b) = 2*b + 28. Calculate the remainder when 75 is divided by t(5).
37
Suppose 124 = 2*m - 7*n + 5*n, -m - 5*n = -32. What is the remainder when 173 is divided by m?
2
Suppose 0*n + 112 = 4*v - n, -5*v + 161 = 4*n. What is the remainder when 112 is divided by v?
25
Suppose 3 = -d, -9*d + 4*d - 433 = -2*o. What is the remainder when o is divided by 53?
50
Let c = 55 - 61. Calculate the remainder when 66 is divided by 3 + c*30/(-9).
20
Let g(x) = x**2 + 2*x + 42. Let v be g(0). Suppose 0*q + r = -4*q + 80, -2*q - r + v = 0. What is the remainder when 56 is divided by q?
18
Let v be (5 - 0)*15/25*78. Suppose -122*q = -119*q - v. What is the remainder when q is divided by 28?
22
Let r(i) = -34*i**3 - 2*i**2 + 2*i + 1. What is the remainder when 89 is divided by r(-1)?
27
Suppose 280 + 944 = 68*j. Calculate the remainder when 107 is divided by j.
17
Let u(g) be the third derivative of g**5/60 - g**4/8 + g**3/2 - 6*g**2. Let b be u(3). What is the remainder when 16 is divided by b/5 + 27/5?
4
Let t(d) = -d**2 - 25*d + 12. What is the remainder when 16 is divided by t(-25)?
4
Let m(d) be the second derivative of d**3 + d**2 + 4*d. Let v(j) = j**3 - 4*j**2 - 4*j + 1. Let u be v(5). What is the remainder when m(u) is divided by 10?
8
Let i(m) be the first derivative of m**2/2 - 15*m - 8. Let j be i(13). Calculate the remainder when j + (-3)/(12/(-76)) is divided by 5.
2
Calculate the remainder when (0 + -1 + 7)*225/18 is divided by 28.
19
Let x = -286 - 